{"id":817,"date":"2026-06-04T16:54:07","date_gmt":"2026-06-04T16:54:07","guid":{"rendered":"https:\/\/educacioninicial.utn.edu.ec\/?page_id=817"},"modified":"2026-06-04T16:54:09","modified_gmt":"2026-06-04T16:54:09","slug":"aprobacion-de-carrera","status":"publish","type":"page","link":"https:\/\/educacioninicial.utn.edu.ec\/index.php\/aprobacion-de-carrera\/","title":{"rendered":"Aprobaci\u00f3n de Carrera"},"content":{"rendered":"<p>\u201cLa excelencia acad\u00e9mica de la Universidad T\u00e9cnica del Norte se respalda en la legalidad y pertinencia de su oferta educativa. La carrera de <strong>Educaci\u00f3n Inicial<\/strong>\u00a0de la FECYT cuenta con la aprobaci\u00f3n oficial de los organismos rectores de la educaci\u00f3n superior en el Ecuador, garantizando un dise\u00f1o curricular moderno, vigente y alineado a las necesidades de desarrollo del pa\u00eds. Este aval institucional asegura que nuestros estudiantes se formen bajo est\u00e1ndares de calidad regulados y reconocidos legalmente, listos para ejercer su profesi\u00f3n con solvencia y responsabilidad social. A continuaci\u00f3n, se detallan las resoluciones y normativas vigentes que sustentan la vigencia de nuestra carrera.\u201d<\/p>\n<p style=\"text-align: center;\"><strong><a href=\"https:\/\/educacioninicial.utn.edu.ec\/wp-content\/uploads\/2026\/06\/ANEXO-7-RESOLUCI\u00d3N.pdf\">Aprobaci\u00f3n de Carrera CES<\/a><\/strong><\/p>\n<p><img loading=\"lazy\" decoding=\"async\" class=\" wp-image-819 aligncenter\" src=\"https:\/\/educacioninicial.utn.edu.ec\/wp-content\/uploads\/2026\/06\/artes-y-humanidades-300x169.png\" alt=\"\" width=\"337\" height=\"190\" srcset=\"https:\/\/educacioninicial.utn.edu.ec\/wp-content\/uploads\/2026\/06\/artes-y-humanidades-300x169.png 300w, https:\/\/educacioninicial.utn.edu.ec\/wp-content\/uploads\/2026\/06\/artes-y-humanidades-768x433.png 768w, https:\/\/educacioninicial.utn.edu.ec\/wp-content\/uploads\/2026\/06\/artes-y-humanidades-1024x577.png 1024w, https:\/\/educacioninicial.utn.edu.ec\/wp-content\/uploads\/2026\/06\/artes-y-humanidades-360x203.png 360w, https:\/\/educacioninicial.utn.edu.ec\/wp-content\/uploads\/2026\/06\/artes-y-humanidades.png 1173w\" sizes=\"auto, (max-width: 337px) 100vw, 337px\" \/><\/p>\n","protected":false},"excerpt":{"rendered":"<p>\u201cLa excelencia acad\u00e9mica de la Universidad T\u00e9cnica del Norte se respalda en la legalidad y pertinencia de su oferta educativa. La carrera de Educaci\u00f3n Inicial\u00a0de la FECYT cuenta con la aprobaci\u00f3n oficial de los organismos rectores de la educaci\u00f3n superior <a href=\"https:\/\/educacioninicial.utn.edu.ec\/index.php\/aprobacion-de-carrera\/\" class=\"read-more\">Leer m\u00e1s&#8230;<\/a><\/p>\n","protected":false},"author":2,"featured_media":0,"parent":0,"menu_order":0,"comment_status":"closed","ping_status":"closed","template":"","meta":{"footnotes":""},"class_list":["post-817","page","type-page","status-publish","hentry"],"_links":{"self":[{"href":"https:\/\/educacioninicial.utn.edu.ec\/index.php\/wp-json\/wp\/v2\/pages\/817","targetHints":{"allow":["GET"]}}],"collection":[{"href":"https:\/\/educacioninicial.utn.edu.ec\/index.php\/wp-json\/wp\/v2\/pages"}],"about":[{"href":"https:\/\/educacioninicial.utn.edu.ec\/index.php\/wp-json\/wp\/v2\/types\/page"}],"author":[{"embeddable":true,"href":"https:\/\/educacioninicial.utn.edu.ec\/index.php\/wp-json\/wp\/v2\/users\/2"}],"replies":[{"embeddable":true,"href":"https:\/\/educacioninicial.utn.edu.ec\/index.php\/wp-json\/wp\/v2\/comments?post=817"}],"version-history":[{"count":1,"href":"https:\/\/educacioninicial.utn.edu.ec\/index.php\/wp-json\/wp\/v2\/pages\/817\/revisions"}],"predecessor-version":[{"id":821,"href":"https:\/\/educacioninicial.utn.edu.ec\/index.php\/wp-json\/wp\/v2\/pages\/817\/revisions\/821"}],"wp:attachment":[{"href":"https:\/\/educacioninicial.utn.edu.ec\/index.php\/wp-json\/wp\/v2\/media?parent=817"}],"curies":[{"name":"wp","href":"https:\/\/api.w.org\/{rel}","templated":true}]}}

Aprobación de Carrera

<p>“La excelencia académica de la Universidad Técnica del Norte se respalda en la legalidad y pertinencia de su oferta educativa. La carrera de <strong>Educación Inicial</strong> de la FECYT cuenta con la aprobación oficial de los organismos rectores de la educación superior en el Ecuador, garantizando un diseño curricular moderno, vigente y alineado a las necesidades de desarrollo del país. Este aval institucional asegura que nuestros estudiantes se formen bajo estándares de calidad regulados y reconocidos legalmente, listos para ejercer su profesión con solvencia y responsabilidad social. A continuación, se detallan las resoluciones y normativas vigentes que sustentan la vigencia de nuestra carrera.”</p>
<p style="text-align: center;"><strong><a href="https://educacioninicial.utn.edu.ec/wp-content/uploads/2026/06/ANEXO-7-RESOLUCIÓN.pdf">Aprobación de Carrera CES</a></strong></p>
<p><img loading="lazy" decoding="async" class=" wp-image-819 aligncenter" src="https://educacioninicial.utn.edu.ec/wp-content/uploads/2026/06/artes-y-humanidades-300x169.png" alt="" width="337" height="190" srcset="https://educacioninicial.utn.edu.ec/wp-content/uploads/2026/06/artes-y-humanidades-300x169.png 300w, https://educacioninicial.utn.edu.ec/wp-content/uploads/2026/06/artes-y-humanidades-768x433.png 768w, https://educacioninicial.utn.edu.ec/wp-content/uploads/2026/06/artes-y-humanidades-1024x577.png 1024w, https://educacioninicial.utn.edu.ec/wp-content/uploads/2026/06/artes-y-humanidades-360x203.png 360w, https://educacioninicial.utn.edu.ec/wp-content/uploads/2026/06/artes-y-humanidades.png 1173w" sizes="auto, (max-width: 337px) 100vw, 337px" /></p>

<p>“La excelencia académica de la Universidad Técnica del Norte se respalda en la legalidad y pertinencia de su oferta educativa. La carrera de Educación Inicial de la FECYT cuenta con la aprobación oficial de los organismos rectores de la educación superior <a href="https://educacioninicial.utn.edu.ec/index.php/aprobacion-de-carrera/" class="read-more">Leer más&#8230;</a></p>
