{"id":61,"date":"2018-02-09T15:45:36","date_gmt":"2018-02-09T15:45:36","guid":{"rendered":"http:\/\/www.utn.edu.ec\/fecyt\/carreras\/educacioninicial\/?page_id=61"},"modified":"2018-03-05T15:49:11","modified_gmt":"2018-03-05T15:49:11","slug":"resultados-de-aprendizaje","status":"publish","type":"page","link":"https:\/\/educacioninicial.utn.edu.ec\/index.php\/gestion-academica\/resultados-de-aprendizaje\/","title":{"rendered":"Resultados de aprendizaje"},"content":{"rendered":"<ul>\n<li style=\"padding-left: 30px; text-align: left;\">Diagnostica, comprende e interviene en fen\u00f3menos y procesos vinculados en las dimensiones de gesti\u00f3n administrativa e infraestructura.<\/li>\n<li style=\"padding-left: 30px; text-align: left;\">Relaciona context<\/li>\n<li style=\"padding-left: 30px; text-align: left;\">Los familiares y comunitarios comprendiendo el aprendizaje de los actores educativos, como parte de la formaci\u00f3n integral apoy\u00e1ndose en las Tics.<\/li>\n<li style=\"padding-left: 30px; text-align: left;\">Relaciona constructos te\u00f3ricos y psicopedag\u00f3gicos profesionales dominando teor\u00edas, did\u00e1cticas y modelos educativos del aprendizaje que orientan a la pr\u00e1ctica educativa aplicando estrategias de investigaci\u00f3n acci\u00f3n.<\/li>\n<li style=\"padding-left: 30px; text-align: left;\">Propone escenarios, situaciones, acciones y relaciones que generen aportes creativos optimizando modelos curriculares.\u00a0 Organiza procesos de aprendizaje curriculares basado en los sistemas conceptuales de Educaci\u00f3n Inicial.<\/li>\n<li style=\"padding-left: 30px; text-align: left;\">Dise\u00f1a ambientes de aprendizaje que posibilitan el desarrollo de diferentes lenguajes con capacidad de interpretar mensajes orales, corporales, f\u00edsicos, est\u00e9ticos y simb\u00f3licos en diferentes contextos, proyectados en la producci\u00f3n de art\u00edculos cient\u00edficos.<\/li>\n<li style=\"padding-left: 30px; text-align: left;\">Gestiona Proyectos Educativos para el Nivel Inicial que responda tanto a las necesidades individuales y colectivas, como a los diversos contextos socioculturales para fortalecerlos.<\/li>\n<li style=\"padding-left: 30px; text-align: left;\">Dise\u00f1a Modelos de organizaci\u00f3n de procesos de ense\u00f1anza y aprendizaje en contextos educativos espec\u00edficos: \u00c9nfasis en adaptaciones curriculares.<\/li>\n<li style=\"padding-left: 30px; text-align: left;\">Dise\u00f1a, ejecuta y eval\u00faa propuestas educativas solucionando situaciones problem\u00e1ticas de la comunidad educativa.<\/li>\n<\/ul>\n<p>&nbsp;<\/p>\n<p>&nbsp;<\/p>\n<figure id=\"attachment_199\" aria-describedby=\"caption-attachment-199\" style=\"width: 516px\" class=\"wp-caption aligncenter\"><img loading=\"lazy\" decoding=\"async\" class=\"wp-image-199\" src=\"http:\/\/www.utn.edu.ec\/fecyt\/carreras\/educacioninicial\/wp-content\/uploads\/2018\/02\/Resultados-1024x768.jpg\" alt=\"\" width=\"516\" height=\"387\" srcset=\"https:\/\/educacioninicial.utn.edu.ec\/wp-content\/uploads\/2018\/02\/Resultados-1024x768.jpg 1024w, https:\/\/educacioninicial.utn.edu.ec\/wp-content\/uploads\/2018\/02\/Resultados-300x225.jpg 300w, https:\/\/educacioninicial.utn.edu.ec\/wp-content\/uploads\/2018\/02\/Resultados-768x576.jpg 768w, https:\/\/educacioninicial.utn.edu.ec\/wp-content\/uploads\/2018\/02\/Resultados-360x270.jpg 360w, https:\/\/educacioninicial.utn.edu.ec\/wp-content\/uploads\/2018\/02\/Resultados.jpg 1280w\" sizes=\"auto, (max-width: 516px) 100vw, 516px\" \/><figcaption id=\"caption-attachment-199\" class=\"wp-caption-text\">Alumnos de Educaci\u00f3n Inicial comparten lo aprendido en clase.<\/figcaption><\/figure>\n<p>&nbsp;<\/p>\n<p>&nbsp;<\/p>\n","protected":false},"excerpt":{"rendered":"<p>Diagnostica, comprende e interviene en fen\u00f3menos y procesos vinculados en las dimensiones de gesti\u00f3n administrativa e infraestructura. Relaciona context Los familiares y comunitarios comprendiendo el aprendizaje de los actores educativos, como parte de la formaci\u00f3n integral apoy\u00e1ndose en las Tics. <a href=\"https:\/\/educacioninicial.utn.edu.ec\/index.php\/gestion-academica\/resultados-de-aprendizaje\/\" class=\"read-more\">Leer m\u00e1s&#8230;<\/a><\/p>\n","protected":false},"author":1,"featured_media":0,"parent":12,"menu_order":0,"comment_status":"closed","ping_status":"closed","template":"","meta":{"footnotes":""},"class_list":["post-61","page","type-page","status-publish","hentry"],"_links":{"self":[{"href":"https:\/\/educacioninicial.utn.edu.ec\/index.php\/wp-json\/wp\/v2\/pages\/61","targetHints":{"allow":["GET"]}}],"collection":[{"href":"https:\/\/educacioninicial.utn.edu.ec\/index.php\/wp-json\/wp\/v2\/pages"}],"about":[{"href":"https:\/\/educacioninicial.utn.edu.ec\/index.php\/wp-json\/wp\/v2\/types\/page"}],"author":[{"embeddable":true,"href":"https:\/\/educacioninicial.utn.edu.ec\/index.php\/wp-json\/wp\/v2\/users\/1"}],"replies":[{"embeddable":true,"href":"https:\/\/educacioninicial.utn.edu.ec\/index.php\/wp-json\/wp\/v2\/comments?post=61"}],"version-history":[{"count":14,"href":"https:\/\/educacioninicial.utn.edu.ec\/index.php\/wp-json\/wp\/v2\/pages\/61\/revisions"}],"predecessor-version":[{"id":295,"href":"https:\/\/educacioninicial.utn.edu.ec\/index.php\/wp-json\/wp\/v2\/pages\/61\/revisions\/295"}],"up":[{"embeddable":true,"href":"https:\/\/educacioninicial.utn.edu.ec\/index.php\/wp-json\/wp\/v2\/pages\/12"}],"wp:attachment":[{"href":"https:\/\/educacioninicial.utn.edu.ec\/index.php\/wp-json\/wp\/v2\/media?parent=61"}],"curies":[{"name":"wp","href":"https:\/\/api.w.org\/{rel}","templated":true}]}}

<ul>
<li style="padding-left: 30px; text-align: left;">Diagnostica, comprende e interviene en fenómenos y procesos vinculados en las dimensiones de gestión administrativa e infraestructura.</li>
<li style="padding-left: 30px; text-align: left;">Relaciona context</li>
<li style="padding-left: 30px; text-align: left;">Los familiares y comunitarios comprendiendo el aprendizaje de los actores educativos, como parte de la formación integral apoyándose en las Tics.</li>
<li style="padding-left: 30px; text-align: left;">Relaciona constructos teóricos y psicopedagógicos profesionales dominando teorías, didácticas y modelos educativos del aprendizaje que orientan a la práctica educativa aplicando estrategias de investigación acción.</li>
<li style="padding-left: 30px; text-align: left;">Propone escenarios, situaciones, acciones y relaciones que generen aportes creativos optimizando modelos curriculares.  Organiza procesos de aprendizaje curriculares basado en los sistemas conceptuales de Educación Inicial.</li>
<li style="padding-left: 30px; text-align: left;">Diseña ambientes de aprendizaje que posibilitan el desarrollo de diferentes lenguajes con capacidad de interpretar mensajes orales, corporales, físicos, estéticos y simbólicos en diferentes contextos, proyectados en la producción de artículos científicos.</li>
<li style="padding-left: 30px; text-align: left;">Gestiona Proyectos Educativos para el Nivel Inicial que responda tanto a las necesidades individuales y colectivas, como a los diversos contextos socioculturales para fortalecerlos.</li>
<li style="padding-left: 30px; text-align: left;">Diseña Modelos de organización de procesos de enseñanza y aprendizaje en contextos educativos específicos: Énfasis en adaptaciones curriculares.</li>
<li style="padding-left: 30px; text-align: left;">Diseña, ejecuta y evalúa propuestas educativas solucionando situaciones problemáticas de la comunidad educativa.</li>
</ul>
<p>&nbsp;</p>
<p>&nbsp;</p>
<figure id="attachment_199" aria-describedby="caption-attachment-199" style="width: 516px" class="wp-caption aligncenter"><img loading="lazy" decoding="async" class="wp-image-199" src="http://www.utn.edu.ec/fecyt/carreras/educacioninicial/wp-content/uploads/2018/02/Resultados-1024x768.jpg" alt="" width="516" height="387" srcset="https://educacioninicial.utn.edu.ec/wp-content/uploads/2018/02/Resultados-1024x768.jpg 1024w, https://educacioninicial.utn.edu.ec/wp-content/uploads/2018/02/Resultados-300x225.jpg 300w, https://educacioninicial.utn.edu.ec/wp-content/uploads/2018/02/Resultados-768x576.jpg 768w, https://educacioninicial.utn.edu.ec/wp-content/uploads/2018/02/Resultados-360x270.jpg 360w, https://educacioninicial.utn.edu.ec/wp-content/uploads/2018/02/Resultados.jpg 1280w" sizes="auto, (max-width: 516px) 100vw, 516px" /><figcaption id="caption-attachment-199" class="wp-caption-text">Alumnos de Educación Inicial comparten lo aprendido en clase.</figcaption></figure>
<p>&nbsp;</p>
<p>&nbsp;</p>

<p>Diagnostica, comprende e interviene en fenómenos y procesos vinculados en las dimensiones de gestión administrativa e infraestructura. Relaciona context Los familiares y comunitarios comprendiendo el aprendizaje de los actores educativos, como parte de la formación integral apoyándose en las Tics. <a href="https://educacioninicial.utn.edu.ec/index.php/gestion-academica/resultados-de-aprendizaje/" class="read-more">Leer más&#8230;</a></p>
