{"id":59,"date":"2018-02-09T15:45:21","date_gmt":"2018-02-09T15:45:21","guid":{"rendered":"http:\/\/www.utn.edu.ec\/fecyt\/carreras\/educacioninicial\/?page_id=59"},"modified":"2018-03-05T15:47:20","modified_gmt":"2018-03-05T15:47:20","slug":"objetivos-educacionales","status":"publish","type":"page","link":"https:\/\/educacioninicial.utn.edu.ec\/index.php\/gestion-academica\/objetivos-educacionales\/","title":{"rendered":"Objetivos educacionales"},"content":{"rendered":"<p><strong>Objetivo general<\/strong><\/p>\n<p style=\"text-align: justify;\">Formar docentes con capacidad de desempe\u00f1o eficiente, \u00e9tico con conocimiento y dominio de las teor\u00edas y metodolog\u00edas que contribuyan al proceso educativo de los ni\u00f1os y ni\u00f1as de 0 a 6 a\u00f1os, mediante el desarrollo de un curr\u00edculo caracterizado por la investigaci\u00f3n acci\u00f3n, el conectivismo y la transversalidad de valores orientados a la construcci\u00f3n de una sociedad inclusiva e intercultural, con equidad de g\u00e9nero y la promoci\u00f3n permanente de una cultura de paz.<\/p>\n<p><strong>Objetivos espec\u00edficos.<\/strong><\/p>\n<table style=\"height: 1143px;\" width=\"1405\">\n<tbody>\n<tr>\n<td width=\"33%\"><strong>Vinculados<\/strong><\/td>\n<td width=\"66%\">\n<p style=\"text-align: center;\"><strong>Descripci\u00f3n<\/strong><\/p>\n<\/td>\n<\/tr>\n<tr>\n<td style=\"text-align: left;\" width=\"33%\">Al conocimiento y los saberes<\/td>\n<td width=\"66%\">\n<p style=\"text-align: justify;\">-Promover en las y los estudiantes el dominio de las teor\u00edas y modelos educativos y la did\u00e1ctica para ni\u00f1os de nivel inicial, que les permitan ejercer la profesi\u00f3n con s\u00f3lidos fundamentos cient\u00edficos y a partir de los\u00a0\u00a0\u00a0\u00a0\u00a0 cuales construyan propuestas educativas innovadoras.<\/p>\n<p style=\"text-align: justify;\">&#8211; Potenciar las capacidades en los estudiantes para la construcci\u00f3n del conocimiento en funci\u00f3n de la investigaci\u00f3n &#8211; acci\u00f3n, la evoluci\u00f3n de las disciplinas, la tecnolog\u00eda y los hechos sociales para una adecuada formulaci\u00f3n y resoluci\u00f3n de problemas educativos.<\/p>\n<p style=\"text-align: justify;\">-Formar docentes para el nivel inicial que evidencien un adecuado manejo de la educaci\u00f3n inclusiva y que aporten significativamente al desarrollo humano en esta etapa de formaci\u00f3n en la primera infancia.<\/p>\n<\/td>\n<\/tr>\n<tr>\n<td style=\"text-align: left;\" width=\"33%\">A la pertinencia<\/td>\n<td width=\"66%\">\n<p style=\"text-align: justify;\">-Considerar los grandes aportes de las ciencias de la educaci\u00f3n y la psicolog\u00eda como facilitadores de la formaci\u00f3n y la promoci\u00f3n de la carrera de docencia en educaci\u00f3n inicial.<\/p>\n<p style=\"text-align: justify;\">&#8211; Propiciar en los futuros profesionales estrategias de trabajo colaborativo que les permita mantener redes acad\u00e9micas con pares, para la continuidad y actualizaci\u00f3n de conocimientos.<\/p>\n<p style=\"text-align: justify;\">&#8211; Mantener activo un plan tutorial que permita construir propuestas innovadoras consecuentes con el desarrollo acad\u00e9mico y avances cient\u00edficos-tecnol\u00f3gicos propios de la \u00e9poca moderna.<\/p>\n<\/td>\n<\/tr>\n<tr>\n<td style=\"text-align: justify;\" width=\"33%\">A los aprendizajes<\/td>\n<td width=\"66%\">\n<p style=\"text-align: justify;\">&#8211; Fortalecer el desarrollo del pensamiento sist\u00e9mico para la comprensi\u00f3n de los fen\u00f3menos, sujetos y situaciones educativas.<\/p>\n<p style=\"text-align: justify;\">&#8211; Contribuir a que las y los estudiantes apliquen competentemente el lenguaje acad\u00e9mico a trav\u00e9s de la lectura cr\u00edtica y su aplicaci\u00f3n permanente.<\/p>\n<p style=\"text-align: justify;\">&#8211; Orientar en cada disciplina los procesos de ense\u00f1anza-aprendizaje hacia la metacognici\u00f3n, la interdisciplinariedad, creatividad, pensamiento cr\u00edtico y creativo.<\/p>\n<p style=\"text-align: justify;\">-Aprender a reconocer las fuentes de informaci\u00f3n y\u00a0 nodos de especializaci\u00f3n relacionados con la carrera.<\/p>\n<\/td>\n<\/tr>\n<tr>\n<td style=\"text-align: justify;\" width=\"33%\">A la ciudadan\u00eda integral<\/td>\n<td width=\"66%\">\n<p style=\"text-align: justify;\">-Satisfacer la demanda de docentes para el nivel inicial en la zona 1 en particular; y del pa\u00eds en general.<\/p>\n<p style=\"text-align: justify;\">-Reconocer y promover el conocimiento de los valores culturales y cosmovisi\u00f3n de la comunidad de la zona 1, el Ecuador y Am\u00e9rica Latina; en el orden social, cultural, \u00e9tnico y ancestral acorde a los objetivos y pol\u00edticas del Buen Vivir.<\/p>\n<p style=\"text-align: justify;\">&#8211; Ofrecer a la sociedad docentes capaces y \u00e9ticos que contribuyan a un adecuado proceso educativo de formaci\u00f3n inicial garantizando la participaci\u00f3n activa en la construcci\u00f3n de una sociedad inclusiva, una cultura de paz contribuyendo a la soluci\u00f3n de problemas a trav\u00e9s de proyectos de vinculaci\u00f3n con la colectividad.<\/p>\n<p style=\"text-align: justify;\">-Contribuir con profesionales de la educaci\u00f3n, quienes se constituir\u00e1n en un aporte significativo de la matriz cognitiva y a los grandes objetivos nacionales del desarrollo.<\/p>\n<\/td>\n<\/tr>\n<\/tbody>\n<\/table>\n","protected":false},"excerpt":{"rendered":"<p>Objetivo general Formar docentes con capacidad de desempe\u00f1o eficiente, \u00e9tico con conocimiento y dominio de las teor\u00edas y metodolog\u00edas que contribuyan al proceso educativo de los ni\u00f1os y ni\u00f1as de 0 a 6 a\u00f1os, mediante el desarrollo de un curr\u00edculo <a href=\"https:\/\/educacioninicial.utn.edu.ec\/index.php\/gestion-academica\/objetivos-educacionales\/\" class=\"read-more\">Leer m\u00e1s&#8230;<\/a><\/p>\n","protected":false},"author":1,"featured_media":0,"parent":12,"menu_order":0,"comment_status":"closed","ping_status":"closed","template":"","meta":{"footnotes":""},"class_list":["post-59","page","type-page","status-publish","hentry"],"_links":{"self":[{"href":"https:\/\/educacioninicial.utn.edu.ec\/index.php\/wp-json\/wp\/v2\/pages\/59","targetHints":{"allow":["GET"]}}],"collection":[{"href":"https:\/\/educacioninicial.utn.edu.ec\/index.php\/wp-json\/wp\/v2\/pages"}],"about":[{"href":"https:\/\/educacioninicial.utn.edu.ec\/index.php\/wp-json\/wp\/v2\/types\/page"}],"author":[{"embeddable":true,"href":"https:\/\/educacioninicial.utn.edu.ec\/index.php\/wp-json\/wp\/v2\/users\/1"}],"replies":[{"embeddable":true,"href":"https:\/\/educacioninicial.utn.edu.ec\/index.php\/wp-json\/wp\/v2\/comments?post=59"}],"version-history":[{"count":27,"href":"https:\/\/educacioninicial.utn.edu.ec\/index.php\/wp-json\/wp\/v2\/pages\/59\/revisions"}],"predecessor-version":[{"id":294,"href":"https:\/\/educacioninicial.utn.edu.ec\/index.php\/wp-json\/wp\/v2\/pages\/59\/revisions\/294"}],"up":[{"embeddable":true,"href":"https:\/\/educacioninicial.utn.edu.ec\/index.php\/wp-json\/wp\/v2\/pages\/12"}],"wp:attachment":[{"href":"https:\/\/educacioninicial.utn.edu.ec\/index.php\/wp-json\/wp\/v2\/media?parent=59"}],"curies":[{"name":"wp","href":"https:\/\/api.w.org\/{rel}","templated":true}]}}

<p><strong>Objetivo general</strong></p>
<p style="text-align: justify;">Formar docentes con capacidad de desempeño eficiente, ético con conocimiento y dominio de las teorías y metodologías que contribuyan al proceso educativo de los niños y niñas de 0 a 6 años, mediante el desarrollo de un currículo caracterizado por la investigación acción, el conectivismo y la transversalidad de valores orientados a la construcción de una sociedad inclusiva e intercultural, con equidad de género y la promoción permanente de una cultura de paz.</p>
<p><strong>Objetivos específicos.</strong></p>
<table style="height: 1143px;" width="1405">
<tbody>
<tr>
<td width="33%"><strong>Vinculados</strong></td>
<td width="66%">
<p style="text-align: center;"><strong>Descripción</strong></p>
</td>
</tr>
<tr>
<td style="text-align: left;" width="33%">Al conocimiento y los saberes</td>
<td width="66%">
<p style="text-align: justify;">-Promover en las y los estudiantes el dominio de las teorías y modelos educativos y la didáctica para niños de nivel inicial, que les permitan ejercer la profesión con sólidos fundamentos científicos y a partir de los      cuales construyan propuestas educativas innovadoras.</p>
<p style="text-align: justify;">&#8211; Potenciar las capacidades en los estudiantes para la construcción del conocimiento en función de la investigación &#8211; acción, la evolución de las disciplinas, la tecnología y los hechos sociales para una adecuada formulación y resolución de problemas educativos.</p>
<p style="text-align: justify;">-Formar docentes para el nivel inicial que evidencien un adecuado manejo de la educación inclusiva y que aporten significativamente al desarrollo humano en esta etapa de formación en la primera infancia.</p>
</td>
</tr>
<tr>
<td style="text-align: left;" width="33%">A la pertinencia</td>
<td width="66%">
<p style="text-align: justify;">-Considerar los grandes aportes de las ciencias de la educación y la psicología como facilitadores de la formación y la promoción de la carrera de docencia en educación inicial.</p>
<p style="text-align: justify;">&#8211; Propiciar en los futuros profesionales estrategias de trabajo colaborativo que les permita mantener redes académicas con pares, para la continuidad y actualización de conocimientos.</p>
<p style="text-align: justify;">&#8211; Mantener activo un plan tutorial que permita construir propuestas innovadoras consecuentes con el desarrollo académico y avances científicos-tecnológicos propios de la época moderna.</p>
</td>
</tr>
<tr>
<td style="text-align: justify;" width="33%">A los aprendizajes</td>
<td width="66%">
<p style="text-align: justify;">&#8211; Fortalecer el desarrollo del pensamiento sistémico para la comprensión de los fenómenos, sujetos y situaciones educativas.</p>
<p style="text-align: justify;">&#8211; Contribuir a que las y los estudiantes apliquen competentemente el lenguaje académico a través de la lectura crítica y su aplicación permanente.</p>
<p style="text-align: justify;">&#8211; Orientar en cada disciplina los procesos de enseñanza-aprendizaje hacia la metacognición, la interdisciplinariedad, creatividad, pensamiento crítico y creativo.</p>
<p style="text-align: justify;">-Aprender a reconocer las fuentes de información y  nodos de especialización relacionados con la carrera.</p>
</td>
</tr>
<tr>
<td style="text-align: justify;" width="33%">A la ciudadanía integral</td>
<td width="66%">
<p style="text-align: justify;">-Satisfacer la demanda de docentes para el nivel inicial en la zona 1 en particular; y del país en general.</p>
<p style="text-align: justify;">-Reconocer y promover el conocimiento de los valores culturales y cosmovisión de la comunidad de la zona 1, el Ecuador y América Latina; en el orden social, cultural, étnico y ancestral acorde a los objetivos y políticas del Buen Vivir.</p>
<p style="text-align: justify;">&#8211; Ofrecer a la sociedad docentes capaces y éticos que contribuyan a un adecuado proceso educativo de formación inicial garantizando la participación activa en la construcción de una sociedad inclusiva, una cultura de paz contribuyendo a la solución de problemas a través de proyectos de vinculación con la colectividad.</p>
<p style="text-align: justify;">-Contribuir con profesionales de la educación, quienes se constituirán en un aporte significativo de la matriz cognitiva y a los grandes objetivos nacionales del desarrollo.</p>
</td>
</tr>
</tbody>
</table>

<p>Objetivo general Formar docentes con capacidad de desempeño eficiente, ético con conocimiento y dominio de las teorías y metodologías que contribuyan al proceso educativo de los niños y niñas de 0 a 6 años, mediante el desarrollo de un currículo <a href="https://educacioninicial.utn.edu.ec/index.php/gestion-academica/objetivos-educacionales/" class="read-more">Leer más&#8230;</a></p>
