{"id":51,"date":"2022-03-07T12:00:06","date_gmt":"2022-03-07T12:00:06","guid":{"rendered":"http:\/\/www.utn.edu.ec\/fecyt\/carreras\/educacioninicial\/?page_id=51"},"modified":"2026-06-04T13:45:00","modified_gmt":"2026-06-04T13:45:00","slug":"perfil-de-egreso","status":"publish","type":"page","link":"https:\/\/educacioninicial.utn.edu.ec\/index.php\/gestion-academica\/perfil-de-egreso\/","title":{"rendered":"Perfil de egreso"},"content":{"rendered":"<p style=\"text-align: justify;\">El futuro docente de Educaci\u00f3n Inicial debe poseer una formaci\u00f3n integral que lo convierta en un agente de cambio comprometido con la primera infancia y con el desarrollo social del pa\u00eds. Su s\u00f3lida base human\u00edstica, cient\u00edfica y tecnol\u00f3gica le permitir\u00e1 participar de manera activa y cr\u00edtica en la transformaci\u00f3n educativa, contribuyendo a formar ciudadanos conscientes, participativos y comprometidos con su entorno.<\/p>\n<p style=\"text-align: justify;\">Este profesional es capaz de manejar situaciones propias del ambiente escolar, creando un clima institucional positivo y adecuado para el aprendizaje y el crecimiento de ni\u00f1os menores de seis a\u00f1os. Sus habilidades de gesti\u00f3n le permiten mantener una relaci\u00f3n equilibrada entre docentes, familias e instituci\u00f3n, entendiendo que el bienestar del ni\u00f1o depende de un ambiente organizado, seguro y lleno de afecto.<\/p>\n<p style=\"text-align: justify;\">Adem\u00e1s, el egresado de esta carrera se caracteriza por involucrar a los padres de familia y a la comunidad en el proceso de desarrollo de los ni\u00f1os, porque entiende que la educaci\u00f3n inicial va m\u00e1s all\u00e1 del aula. Su conocimiento de la realidad social y cultural de la primera infancia, tanto a nivel general como de cada familia en particular, le permite actuar de forma adecuada, responsable y humana ante las distintas situaciones que se presentan en su d\u00eda a d\u00eda como docente.<\/p>\n<table width=\"633\">\n<tbody>\n<tr>\n<td width=\"198\"><strong>Dimensi\u00f3n<\/strong><\/td>\n<td width=\"435\"><strong>Competencias y Capacidades<\/strong><\/td>\n<\/tr>\n<tr>\n<td width=\"198\"><strong>Formaci\u00f3n Human\u00edstica, Cient\u00edfica y Tecnol\u00f3gica<\/strong><\/td>\n<td width=\"435\">\n<ul>\n<li>Demuestra una s\u00f3lida formaci\u00f3n human\u00edstica, cient\u00edfica y tecnol\u00f3gica que le permita contribuir activa, cr\u00edtica y permanentemente al cambio social y educativo del pa\u00eds.<\/li>\n<li>Aporta a la formaci\u00f3n y desarrollo de una conciencia nacional y democr\u00e1tica participativa.<\/li>\n<\/ul>\n<\/td>\n<\/tr>\n<tr>\n<td width=\"198\"><strong>Gesti\u00f3n Educativa e Institucional<\/strong><\/td>\n<td width=\"435\">\n<ul>\n<li>Desarrolla estrategias de gesti\u00f3n educativa que permitan conciliar las tensiones sociales de la comunidad educativa.<\/li>\n<li>Construye un clima institucional favorable a las relaciones humanas adecuadas para el trabajo con ni\u00f1os menores de seis a\u00f1os.<\/li>\n<\/ul>\n<\/td>\n<\/tr>\n<tr>\n<td width=\"198\"><strong>Participaci\u00f3n Familiar y Comunitaria<\/strong><\/td>\n<td width=\"435\">\n<ul>\n<li>Propicia la acci\u00f3n participativa de los padres de familia y de la comunidad en actividades relacionadas al desarrollo integral de ni\u00f1os.<\/li>\n<\/ul>\n<\/td>\n<\/tr>\n<tr>\n<td width=\"198\"><strong>Conocimiento Sociocultural de la Infancia<\/strong><\/td>\n<td width=\"435\">\n<ul>\n<li>Conoce la problem\u00e1tica sociocultural de los ni\u00f1os menores de seis a\u00f1os y de la familia en general.<\/li>\n<li>Identifica la realidad particular de sus estudiantes para actuar adecuadamente en determinados casos.<\/li>\n<\/ul>\n<\/td>\n<\/tr>\n<\/tbody>\n<\/table>\n<p><\/p>\n","protected":false},"excerpt":{"rendered":"<p>El futuro docente de Educaci\u00f3n Inicial debe poseer una formaci\u00f3n integral que lo convierta en un agente de cambio comprometido con la primera infancia y con el desarrollo social del pa\u00eds. Su s\u00f3lida base human\u00edstica, cient\u00edfica y tecnol\u00f3gica le permitir\u00e1 <a href=\"https:\/\/educacioninicial.utn.edu.ec\/index.php\/gestion-academica\/perfil-de-egreso\/\" class=\"read-more\">Leer m\u00e1s&#8230;<\/a><\/p>\n","protected":false},"author":1,"featured_media":0,"parent":12,"menu_order":0,"comment_status":"closed","ping_status":"closed","template":"","meta":{"footnotes":""},"class_list":["post-51","page","type-page","status-publish","hentry"],"_links":{"self":[{"href":"https:\/\/educacioninicial.utn.edu.ec\/index.php\/wp-json\/wp\/v2\/pages\/51","targetHints":{"allow":["GET"]}}],"collection":[{"href":"https:\/\/educacioninicial.utn.edu.ec\/index.php\/wp-json\/wp\/v2\/pages"}],"about":[{"href":"https:\/\/educacioninicial.utn.edu.ec\/index.php\/wp-json\/wp\/v2\/types\/page"}],"author":[{"embeddable":true,"href":"https:\/\/educacioninicial.utn.edu.ec\/index.php\/wp-json\/wp\/v2\/users\/1"}],"replies":[{"embeddable":true,"href":"https:\/\/educacioninicial.utn.edu.ec\/index.php\/wp-json\/wp\/v2\/comments?post=51"}],"version-history":[{"count":13,"href":"https:\/\/educacioninicial.utn.edu.ec\/index.php\/wp-json\/wp\/v2\/pages\/51\/revisions"}],"predecessor-version":[{"id":566,"href":"https:\/\/educacioninicial.utn.edu.ec\/index.php\/wp-json\/wp\/v2\/pages\/51\/revisions\/566"}],"up":[{"embeddable":true,"href":"https:\/\/educacioninicial.utn.edu.ec\/index.php\/wp-json\/wp\/v2\/pages\/12"}],"wp:attachment":[{"href":"https:\/\/educacioninicial.utn.edu.ec\/index.php\/wp-json\/wp\/v2\/media?parent=51"}],"curies":[{"name":"wp","href":"https:\/\/api.w.org\/{rel}","templated":true}]}}

<p style="text-align: justify;">El futuro docente de Educación Inicial debe poseer una formación integral que lo convierta en un agente de cambio comprometido con la primera infancia y con el desarrollo social del país. Su sólida base humanística, científica y tecnológica le permitirá participar de manera activa y crítica en la transformación educativa, contribuyendo a formar ciudadanos conscientes, participativos y comprometidos con su entorno.</p>
<p style="text-align: justify;">Este profesional es capaz de manejar situaciones propias del ambiente escolar, creando un clima institucional positivo y adecuado para el aprendizaje y el crecimiento de niños menores de seis años. Sus habilidades de gestión le permiten mantener una relación equilibrada entre docentes, familias e institución, entendiendo que el bienestar del niño depende de un ambiente organizado, seguro y lleno de afecto.</p>
<p style="text-align: justify;">Además, el egresado de esta carrera se caracteriza por involucrar a los padres de familia y a la comunidad en el proceso de desarrollo de los niños, porque entiende que la educación inicial va más allá del aula. Su conocimiento de la realidad social y cultural de la primera infancia, tanto a nivel general como de cada familia en particular, le permite actuar de forma adecuada, responsable y humana ante las distintas situaciones que se presentan en su día a día como docente.</p>
<table width="633">
<tbody>
<tr>
<td width="198"><strong>Dimensión</strong></td>
<td width="435"><strong>Competencias y Capacidades</strong></td>
</tr>
<tr>
<td width="198"><strong>Formación Humanística, Científica y Tecnológica</strong></td>
<td width="435">
<ul>
<li>Demuestra una sólida formación humanística, científica y tecnológica que le permita contribuir activa, crítica y permanentemente al cambio social y educativo del país.</li>
<li>Aporta a la formación y desarrollo de una conciencia nacional y democrática participativa.</li>
</ul>
</td>
</tr>
<tr>
<td width="198"><strong>Gestión Educativa e Institucional</strong></td>
<td width="435">
<ul>
<li>Desarrolla estrategias de gestión educativa que permitan conciliar las tensiones sociales de la comunidad educativa.</li>
<li>Construye un clima institucional favorable a las relaciones humanas adecuadas para el trabajo con niños menores de seis años.</li>
</ul>
</td>
</tr>
<tr>
<td width="198"><strong>Participación Familiar y Comunitaria</strong></td>
<td width="435">
<ul>
<li>Propicia la acción participativa de los padres de familia y de la comunidad en actividades relacionadas al desarrollo integral de niños.</li>
</ul>
</td>
</tr>
<tr>
<td width="198"><strong>Conocimiento Sociocultural de la Infancia</strong></td>
<td width="435">
<ul>
<li>Conoce la problemática sociocultural de los niños menores de seis años y de la familia en general.</li>
<li>Identifica la realidad particular de sus estudiantes para actuar adecuadamente en determinados casos.</li>
</ul>
</td>
</tr>
</tbody>
</table>
<p></p>

<p>El futuro docente de Educación Inicial debe poseer una formación integral que lo convierta en un agente de cambio comprometido con la primera infancia y con el desarrollo social del país. Su sólida base humanística, científica y tecnológica le permitirá <a href="https://educacioninicial.utn.edu.ec/index.php/gestion-academica/perfil-de-egreso/" class="read-more">Leer más&#8230;</a></p>
